57
(11 - (37 - 85)) + -27 + -62
-30
What is 2 + -80 - (-6222 - -6067)?
77
What is (0 + (14 - 17) - (12 - -2)) + 15?
-2
Calculate -77 + 89 - (6 + -19 + (7 - 4)).
22
(80 - (-47 + 76)) + -126
-75
What is the value of (10 + 0 - (-45 + 30 - -14)) + 82 + 4?
97
6 + 65 + (-347 - -202)
-74
15 - ((17 - 22) + -68 + 108)
-20
What is the value of -50 + 49 + 86 + -47?
38
Calculate 7 - (-7 + 3) - (32 - (40 + -3)).
16
Calculate 15 + -3 + -87 + 62 - 68.
-81
Evaluate 20 + (-39 - (-5 + -16)) + 8.
10
Calculate (-4 - -11) + -4 - (43 - (-46 + 82)).
-4
Calculate 37 + -182 + 93 - (16 + -1 + 1).
-68
What is the value of 1 + -26 + (-8 - (14 - 9)) + 8?
-30
What is 10 + 1 - (6 + 100 + 18 + -24)?
-89
Calculate -49 - (-21 + (-78 - 38)).
88
What is 60 + (-13 - -14 - 14) - -33?
80
0 + 2 + 0 - (-1 - 0) - (3683 + -3691)
11
What is the value of (-3 - -3) + 106 + -5 + -11 + -19?
71
What is the value of 8 + -34 - (26 - 41) - -32?
21
Evaluate -1 - -12 - (112 - (-64 - -200)).
35
13 + (-15 - -58 - 27 - 41)
-12
What is the value of -3 + 99 + (-257 - -276) + -11?
104
Calculate 34 + (-15 - -1 - (-294 - -277)).
37
(-2 - (-37 - -52) - 3) + 47
27
Calculate (-32 - (-45 + 32 + 6)) + 10.
-15
309 + -20 + (-76 - 65)
148
(-19 - 3) + -13 + 24 - (10 + (-2 - 2))
-17
Evaluate (-2 - 6) + (25 - 41 - (0 + (-6 - -19))).
-37
Evaluate (2 - 12 - (-294 - -228)) + -17.
39
Evaluate (-73 - -47 - (-43 + 1)) + -6.
10
Evaluate (24 - 28) + -5 - (3 + (2 - 2)) - -53.
41
What is the value of (-2 - -5) + -843 + 878?
38
What is 6 - ((-4 - (1 - 2)) + (-22 - -10) + -30)?
51
Evaluate (4 - 5 - (-33 - (-57 + 22))) + 64.
61
Evaluate 21 - (-7 + -15 + 29 + -5 + -8).
27
Calculate -15 - (31 - (54 + -31)) - -17.
-6
What is the value of (162 - 5) + (-9 - -4) - (37 + (4 - 27))?
138
Evaluate (2 - -18) + (-42 - -15 - -9) - -11.
13
What is the value of (-22 + 17 - -14) + 22 - -10?
41
What is -20 + (-7 - ((-74 - -64) + 8 + (1 - -1)))?
-27
What is the value of (-8 - -8) + 2 - (-8 + 117 + -18 - -4)?
-93
Calculate -22 - (-22 - -41 - 62).
21
(-1 + -1 - 7) + (-3 - (-20 + 28))
-20
Evaluate 24 - ((-5 - (4 - 10)) + -5) - (1489 - 1502).
41
Calculate 34 + -1 + 2 - (16662 + -16652).
25
(-66 - (37 - 145)) + 53
95
Evaluate -50 + -2 + (16 - (28 + -21) - (1 - -1)).
-45
-22 + 14 - -5 - (19 + 38 + -2 + 0)
-58
What is -963 - -993 - (0 + 9) - -92?
113
-14 - (119 + -165 + 59)
-27
Evaluate 95 - (4 + (52 - 6 - 34)).
79
What is the value of 49 - (23 + 52) - (0 - 17)?
-9
What is -6 + 13 + -67 + 77?
17
-11 + 6 + 659 + -605
49
-3 - (79 - 113) - 114
-83
What is -1 + -59 + -38 + (-17 - -5)?
-110
What is -32 - (-24 + -15 - -10)?
-3
What is the value of 37 + 14 + (-13 - (14 + -13)) + 5?
42
What is -10 - -2 - (-18 - -15 - (21 + 20))?
36
(2 - 6) + -15 - (-15 + 52 - -29)
-85
(1 - -78) + -2744 + 2603
-62
What is -77 - (85 + -134) - 16?
-44
14 + (-2 - -13) + (-9 + -32 - -22)
6
Calculate -38 + (-159 - -111) + 87.
1
What is the value of -13 + (-1 - 1) + 1091 + -1132?
-56
What is 5 - -11 - (9 + 100 + 3 + -14)?
-82
What is -29 - (-3792 + 3797 - (-1 - (-3 + 5) - -14))?
-23
Calculate 124 - (4 + -22 - -28).
114
Calculate (9 - 19) + 4 + -69 + 26.
-49
Calculate -32 + 38 - ((1 - (0 + -10)) + (6 - 33)).
22
Calculate -11 + 2 + 63 + (23 + -10 + -5 - 4).
58
What is 514 - 489 - (3 + -2 + -33)?
57
Evaluate -1 + 6 + (10 - (8 - -7)) - -19.
19
Calculate 336 - 344 - (98 + 1 - (-6 + 8 + -5)).
-110
Evaluate -19 + 57 + -28 + 34 - -56.
100
Evaluate -52 + 89 + 47 + -5.
79
What is the value of (16 - (14 + -4)) + -1 + 0 - (-25 - 14)?
44
Calculate (126 + 61 - 79) + -29.
79
Evaluate -91 + 31 + (5 - 9).
-64
What is the value of (17 - (6 + 3 + -5)) + -28 - (43 - -2)?
-60
Evaluate 17 + -58 + 85 + -56.
-12
What is the value of (-12 - 33) + -48 + 10 + (1 - -6)?
-76
What is the value of 33 + (-10 - 2) + 6 - (-34 + 32)?
29
-24 + 29 + (-3 - (-5 + 4 + -4)) - 50
-43
Evaluate -38 - (-13 + -2 + 79 + 2).
-104
What is (58 - 2 - (-44 + 61)) + 2 + 0 + 10?
51
What is the value of (-2 + -2 - (-12 + (28 - 11))) + (2 - -20)?
13
What is 55 - -1 - (-2 - ((-8 - -23) + -4) - -18)?
51
What is the value of (2 - 2) + 8 + (21 - -40 - (5 + 8))?
56
Calculate 28 - (31 + 11) - -33.
19
What is -11 + (-4 + 1 - (48 - 67)) - (2 - -24)?
-21
Evaluate 52 + 7 + 45 + -48.
56
Evaluate -1133 + 1162 + 0 + -7.
22
Evaluate 19 + 9 + -2 + -30 + 4.
0
What is -4 - (37 + (-16 - 74) + 2 + 13)?
34
-12 - (-6 - (-6 - 5) - (17 + 131 + -19))
112
Evaluate -41 + 5 + (2 + -14 - -27).
-21
Calculate -1 + (-27 - (-2 + -21 - (-145 + 133))).
-17
What is 5 + (-56 - -63) - (3 + -17 - (-3 + 1))?
24
(7 - (-38 - -64) - -24) + 117
122
Evaluate 57 + (-42 - -67 - (-1 + -3)) + -8.
78
(32 - (-1 + 11)) + (-73 - -64)
13
Evaluate (-2 - -14) + (-3 - 3) + (-24 - -41).
23
What is -58 - -1 - (19 - (25 + (-11 - (9 - 7))))?
-64
What is (98 + 1 - (2 - 2)) + 67311 + -67311?
99
16 + -18 + (-14 + -7 - -22 - (-26 + -1))
26
-62 - 0 - ((5 + -3 - 22) + (-160 - -181))
-63
Calculate 865 - 840 - (19 + 1 - -3).
2
What is (70 + -18 - 170) + 76?
-42
Calculate 8 + (12 - 14 - -1) + -90 + (-10 - -20).
-73
3 - -27 - (12 + 6) - (4 - -55)
-47
What is -14 - ((100 - 68) + -50) - ((-1 - 0) + 72)?
-67
Calculate -19 + (22 - (-18 + (0 - 10))).
31
Calculate 34 - 0 - 116 - ((-3 - 0) + (-4 - -1)).
-76
Calculate 23 + -19 + -17 + -28.
-41
-125 + 158 - (84 + 0)
-51
What is -3 - (6 + (23 - (4 - -5) - 10) - 16)?
3
3 + 25 + 5 + 17 + -16
34
Evaluate 91 - (60 - (10 - -2)).
43
What is (-2 - (1 - (-3 - (-12 + -4)))) + -46?
-36
1 + (0 - 0) + -3094 + 3015
-78
Calculate (-182 - -92) + 98 - -31.
39
What is 0 + -86 - (-6020 + 5956)?
-22
Evaluate 24 + 3 + 30 + 9 + -110.
-44
Evaluate -13 + -1 + 625 + -610 + -20.
-19
Evaluate -48 + (178 + -184 - (3 + -1 - 14)).
-42
Calculate (0 + 18 - (18 - (27 + -13))) + -35.
-21
Evaluate 140 - 4 - (240 - 146).
42
What is the value of (-107 - (29 + -42)) + 46?
-48
What is the value of -224 - -134 - (-14 + 20 - (28 - 1))?
-69
What is the value of 38 + (-49 + 26 - 30)?
-15
What is the value of 25 + 0 + -60 + -10 + 24?
-21
(33 - (-1 + 11) - 17) + -6 + -46
-46
Calculate (8 - (70 + 0 + -7 + -1)) + -4 + 7.
-51
What is (-23 - -37 - 28) + 13 + 4 - -14?
17
What is the value of -8 + 8 - -10 - (-8 - 21) - 13?
26
What is the value of -15 + -137 + 99 - 43?
-96
-18 - (-62 + (-46 - -47))
43
What is -23 - (5 - (35 + -18))?
-11
Evaluate -126 - (-8 - -28 - 55) - 42.
-133
Calculate 3 + (28 + -4 - 17) - (-15 - -1).
24
What is 66 + (-59 - -25) - 84?
-52
What is (-15 - -10 - (-30 + 6 + 6)) + 22?
35
Calculate 11 - (61 + 18 + (10 - 20)) - -10.
-48
(-66 - (10 + 50)) + 62
-64
Evaluate 8 - ((16 + 6 - 0) + -119).
105
What is -43 + (-2 + (-29 - -38) - (3 + 12))?
-51
What is the value of 0 + 2 + (-6 - 0) + 736 + -757 - -3?
-22
(41 - (3 - (26 - 8))) + 1
57
What is -18 - (-3718 - -3701 - (-1 + (96 - 0)))?
94
What is the value of 7 + (5 - (4 - 5)) + -45 - -9 - 4?
-27
What is 104 - (-51 + 104) - (-4 + 33)?
22
What is the value of 38 + -18 + (80 - 52)?
48
(-11 + (-3 - -15) - -94) + -56 + 39
78
What is (-125 - (-26 - 35)) + -10 + (-1 - 2 - 0)?
-77
What is -309 + 209 - (-163 + 66)?
-3
What is 56 - (53 + -87) - 13?
77
Calculate (8 - 0) + (-25 + (-21 - -17) - 2).
-23
273 - 266 - (-60 + -2)
69
(-37 + 30 - (0 + -6)) + (120 - (9 + 1))
109
14 - (47 - 0 - (218 - 209))
-24
What is the value of -1580 + 1604 + (0 - (-24 - 4))?
52
Evaluate -21 + 24 + (1 - -34) + -9 + (4 - 0).
33
Evaluate 129 + (-13 - -3) + -65 + (67 - 11).
110
What is 36 + 31 + -1 + -37 + 13?
42
What is -39 - (235 + -244 + 2 + -2)?
-30
What is (5 - -5 - (8 + -10 + 11)) + -10 - -33?
24
What is the value of (16 - 27) + 8 + 7 - 4?
0
What is the value of -22 + 21 + (16 - 0) + -209 + 213?
19
28 + -10 - (-93 + 185)
-74
Evaluate (-3 - -7) + (615 - 680 - (-9 + (-1 - -1))).
-52
Evaluate 5 - (-1 - -3) - (13 + -87) - (19 + -11).
69
What is (-58 - -105) + -2 + -41?
4
Calculate -41 + (-98 - (-116 + 79)).
-102
What is (1 - 16) + (-67 + 40 - (-2 + 2))?
-42
What is 4 - ((-865 - -861) + 1 + (-2 - -21))?
-12
What is -26 - (-25 - (-6 + -44)) - (17 - 7)?
-61
What is the value of -119 + 89 - (0 - 25)?
-5
What is the value of 12 - 81 - ((17 - 28 - -19) + 1 + -12)?
-66
What is -3 + 27 - (-28 - (-28 + 20))?
44
What is the value of -19 + (-2 - -42) - 22?
-1
What is (-48 - (36 - 115)) + -36?
-5
Calculate -79 - (12 - 77) - ((0 - 2) + -2).
-10
Evaluate -13 + 26 + -6 + -4 - 24.
-21
What is -689 